b - 6 = k. List the prime factors of g.
2
Suppose 20*m - 36*m - 96 = 0. What are the prime factors of 31*(m*(-5)/15 + 5)?
7, 31
Suppose 0 = m - 2, 2*d + 15*m = 14*m + 1898. List the prime factors of d.
2, 3, 79
Suppose f = -5*d + 2849, 46*d = 44*d + 12. List the prime factors of f.
2819
Let x be ((-40)/12 + 6)/((-6)/(-9)). Suppose -x*a = -583 + 39. What are the prime factors of a?
2, 17
Let w(c) = 21*c**2 - 106*c + 85. What are the prime factors of w(-20)?
3, 5, 7, 101
Let u be (-6886)/(-11)*(3/(-2) - -2). Suppose -5*f + 1640 = -2*z + 7*z, -z = -2*f - u. List the prime factors of z.
17, 19
Let q(r) be the third derivative of 5*r**4/3 + r**3/3 - 7*r**2. Let y be q(2). Suppose -4 = -4*f, 5*h + 3*f - 6*f - y = 0. What are the prime factors of h?
17
Let m be 72/(-45)*(-15)/12. List the prime factors of (7 + m)/(555/(-186) + 3).
2, 3, 31
Let m(i) = 41*i - 24. Let k(b) = 20*b - 12. Let t be 3 + -1 + 0 + (-15)/3. Let j(l) = t*m(l) + 7*k(l). List the prime factors of j(9).
3, 47
Let f = 186 - 187. Let v(w) = -640*w - 3. What are the prime factors of v(f)?
7, 13
Let w = -20 + 8. Suppose 73*n - 33*n = 2520. Let b = w + n. What are the prime factors of b?
3, 17
Suppose u - 231 = -5*d, -u + 3*d + 83 + 148 = 0. Suppose 33*l - 19965 = -u. What are the prime factors of l?
2, 13, 23
Let x be (-108)/(-99)*11/2. Suppose 5*h = -2*c + 1757, -c + 3*h + 879 = x*h. List the prime factors of c.
2, 3, 73
Suppose 680 = -24*g + 27920. Let u = g + -236. List the prime factors of u.
29, 31
List the prime factors of (-113)/226 - 6/(-8)*17126.
2, 13, 19
Suppose 19 = 5*m - 76. Let d = 26 - m. Suppose -d*t + 261 = -4*t. What are the prime factors of t?
3, 29
Suppose g = y - 4951, 152*y = 156*y - 2*g - 19796. List the prime factors of y.
3, 17, 97
What are the prime factors of 27585/6 - 1*-2*(-4)/(-16)?
2, 11, 19
Let o = 28 - 23. Suppose o*k = -57 - 118. Let c = k - -61. What are the prime factors of c?
2, 13
Suppose 5*c - 181850 = -3*l, 599*l = 3*c + 598*l - 109110. List the prime factors of c.
2, 5, 3637
Let n = 2305 - -1193. What are the prime factors of n?
2, 3, 11, 53
Let n be 5 - 9 - 4/((-8)/(-698)). Let r = 773 + n. List the prime factors of r.
2, 3, 5, 7
List the prime factors of (-57 - 0)*(-123 + -20)*80/30.
2, 11, 13, 19
Let h(b) = 3*b + 11. Let m be h(-3). Suppose -4*k + 4*w - 32 = 36, m*k = -w - 28. What are the prime factors of 36/18*k/(-2)?
3, 5
List the prime factors of (-5482)/(-5)*(-595)/(-238).
2741
Let s = 226 - 230. Let j(p) = p**3 + 10*p**2 - 3*p - 15. List the prime factors of j(s).
3, 31
Let g = -99 - -57. Let n = -36 - g. Suppose -n*c + 716 = 158. What are the prime factors of c?
3, 31
Suppose -7*q + 4*q - 30 = 0. Let j be 5/q*-7*(-4)/(-1). Suppose -41 = -i - 5*v + j, 5*i + 4*v - 254 = 0. List the prime factors of i.
2, 5
Let m(f) = -11*f + 46. Let l(p) = 12*p - 47. Let u(k) = 5*l(k) + 4*m(k). Suppose 2 + 33 = 5*n. What are the prime factors of u(n)?
61
Let z = -136 - -292. Let x(r) = r - 3. Let n be x(5). Suppose z = m + n*m. What are the prime factors of m?
2, 13
Let k(z) be the second derivative of -z**5/20 + 8*z**3/3 - 3*z**2/2 - 12*z. Let p be k(-7). Suppose 5*t - p = 267. What are the prime factors of t?
3, 11
Let z(t) = -138*t + 69. Let r(j) = 1. Let q(k) = -92*r(k) + z(k). What are the prime factors of q(-5)?
23, 29
Let s(d) = 265*d + 1066. Let f be s(-4). Suppose -i + 2 = 3. List the prime factors of i/(f/(-9))*50.
3, 5
Suppose 197*b = 193*b - 772. Suppose -d - 2*s - 56 = -s, -5*d - 300 = s. Let c = d - b. What are the prime factors of c?
2, 3, 11
Suppose a - 81 = -3*m + 67, -m - 5*a + 68 = 0. Let s = m + -25. Suppose -24*z + 200 = -s*z. What are the prime factors of z?
2, 5
Let y(w) = w**2 - 14*w + 23. Let a be y(13). Suppose 5*i = 2*g + g + 33, 2*i + 2*g - a = 0. List the prime factors of (-2)/i + (-726)/(-18).
2, 5
Let m be 3086/(-8) + 15 - 2/8. Let f = 927 + m. What are the prime factors of f?
2, 139
Let s(i) = 2*i**2 - 9*i - 85. Let q be s(9). What are the prime factors of (343 + 4)/(5/(-40)*q)?
2, 347
Let j be -850*(-1)/7 - 68/(-119). Let o(c) = 2*c**3 - 6*c**2 + 2*c - 4. Let x be o(4). Let s = j - x. List the prime factors of s.
2, 43
Suppose 31*w = -618722 + 1631802. List the prime factors of w.
2, 5, 19, 43
Let i(l) = 13*l - 13. Let c be i(2). Let q(h) = 31*h - 3. List the prime factors of q(c).
2, 5
Suppose 144*h - 58625 - 84362 = -77*h. List the prime factors of h.
647
Let i = -5 + 19. Let f(w) be the third derivative of -w**6/120 + w**5/4 - 5*w**4/12 + 4*w**3/3 - 170*w**2. List the prime factors of f(i).
2
Let j = -3501 + 7777. List the prime factors of j.
2, 1069
What are the prime factors of (-4900)/(-30)*(-25908)/(-170)?
2, 7, 127
Let z = -10102 + 15003. List the prime factors of z.
13, 29
Suppose 165*w = -148*w + 297*w + 1070576. What are the prime factors of w?
13, 5147
Let v = 147 - 146. List the prime factors of v/((-2)/(-3)) - 20580/(-168).
2, 31
Suppose 57*d - 882615 = -30*d. What are the prime factors of d?
5, 2029
Suppose 9*t - 5*a - 19 = 7*t, 0 = 5*t + 5*a + 5. Suppose t*i - 4*p = 654, 2*i - 655 = 4*p + p. List the prime factors of i.
5, 13
Let v be 4 - 0 - (-2156)/7. Let z = 755 - v. List the prime factors of z.
443
Let k(f) = -f + 1. Let l(y) = y**3 + 14*y**2 + 15*y + 10. Let q(x) = -4*k(x) + l(x). What are the prime factors of q(-5)?
2, 17
What are the prime factors of 29/(-174) - (-199112)/48?
2, 17, 61
Let m(v) = 257*v**2 - 5*v + 192. List the prime factors of m(14).
2, 25247
Let l = 5433 - -2123. List the prime factors of l.
2, 1889
Suppose 49*v - 72996 = 43*v. Suppose -75*w + v = -61*w. List the prime factors of w.
11, 79
Let x = -101862 + 147894. What are the prime factors of x?
2, 3, 7, 137
Suppose 0*c = -2*c + 462. Let k = 2188 + -2186. Suppose -4*l + 2*h - 5*h = -465, 3*h - c = -k*l. List the prime factors of l.
3, 13
Let i(l) be the second derivative of l**5/20 - l**3/2 + l**2 + 18*l. Let j be i(2). Suppose -2*h + 91 = j*c - 55, -c = -h - 38. What are the prime factors of c?
37
Let i(w) = w**2 - 8*w + 4. Let n be i(8). Suppose -5*c - 1 = -r + 2, -12 = -n*r + c. Suppose -5*u + 11 = -14, 5*s = -r*u + 235. List the prime factors of s.
2, 11
Let y(q) = -1124*q**3 + 5*q**2 + 6*q + 2. What are the prime factors of y(-1)?
3, 5
Suppose 3*o + 34896 = 4*w, -2*w + 19326 = -3*o + 1884. List the prime factors of w.
3, 2909
List the prime factors of 19*(-3)/(-57) + 2322.
23, 101
Suppose 23571 = 28*g - 237224 - 81981. What are the prime factors of g?
2, 6121
Let h be (-181488)/(-34) + 4 + (-396)/102. Suppose 5*n - a = 9*n - h, -n + 1344 = 5*a. List the prime factors of n.
2, 23, 29
What are the prime factors of 6845/(-6)*(10 + -16)?
5, 37
Suppose 0 = 3*o + 5*l - 125, -l + 120 + 125 = 5*o. Let i be -2*o/(-4) - -2. List the prime factors of i*4/(-24)*-4.
2, 3
Suppose 1 = s, -5*j - 2*s + 0*s = -27. Suppose -4*d + 8*i + 899 = 7*i, -j = -i. List the prime factors of d.
2, 113
Suppose 3*k = -k + 20, 0 = 2*v - 2*k + 10. Suppose v = 13*z - 10369 + 268. List the prime factors of z.
3, 7, 37
Suppose 11629 = r + c, 4*c + 24239 = 2*r + 945. What are the prime factors of r?
5, 13, 179
Suppose 2*m - 23880 = 2*y, 146*y - 151*y + 35868 = 3*m. List the prime factors of m.
2, 3, 11, 181
List the prime factors of (-3)/13 + 7375968/1248.
2, 3, 5, 197
Let q(n) = -n**3 - 10*n**2 - 14*n + 37. Let g be q(-12). Let j = g - 87. List the prime factors of j.
2, 7, 29
Suppose 2*g = -2*d + 10, d - 7 = -5*g + 2*d. Let u be (2 - -1)*(g - 1). Suppose -5*v + 548 = -u*y, 3*v - 220 = v + y. What are the prime factors of v?
2, 7
Suppose -4*u - 15 = -5*g, 0*g + 3*u + 19 = -4*g. Let w(l) = l**2 + l. Let k(r) = -10*r**2 - 5. Let n(s) = g*k(s) - 3*w(s). List the prime factors of n(5).
3, 5, 11
Suppose -3*i = 33*m - 37*m + 29118, -m + 7302 = 3*i. List the prime factors of m.
2, 3, 607
Let o(x) = 2*x**3 - 30*x**2 - 15*x + 19. Let v be o(15). Let h = v - -1452. What are the prime factors of h?
2, 7, 89
Suppose n - 5*y = -619, -7*n + 2*y = -11*n - 2410. Let h = 787 + n. List the prime factors of h.
3, 61
Let m = 23446 + -14337. List the prime factors of m.
9109
Let h(a) be the second derivative of -19*a**5/20 + a**4/12 - a**3/3 + a**2 + 2*a. Let f(w) = -w + 1. Let j(z) = 3*f(z) - h(z). List the prime factors of j(1).
2, 3
Let j = 2 - -44. Suppose j = 7*m + 130. L